e of -m**3/3 - m**2/2 + m + 45. Determine y(5).
-11
Let o(x) = -13*x**2 + 11*x + 29. Let b(l) = -3*l**2 + 3*l + 7. Let w(k) = -9*b(k) + 2*o(k). Give w(6).
1
Let l(y) = 3*y + 0 - 4 + 5 - y**2. Let a(v) be the third derivative of v**6/120 - 4*v**5/15 - 2*v**4/3 - 5*v**3/2 - 8*v**2. Let f be a(17). Calculate l(f).
3
Let p(u) be the first derivative of 2*u**4 - u**3/3 + u**2/2 + u - 290. Suppose 4*d - 1 = -5. Calculate p(d).
-9
Suppose -4*u = -4, 5*u = -5*x + 105 - 0. Suppose 0*a + x = 5*a. Let m(c) = -c**2 + 4*c - 6. Determine m(a).
-6
Let l(p) = p**3 + 3*p**2 - 2. Let s(v) = v**2 - v - 1. Let u(x) = -l(x) + 3*s(x). Let t = 82 - 84. Calculate u(t).
13
Let q(n) = 3*n - 2. Let c(r) = r + 12. Let b be c(-9). Let a(k) = -4*k**2 + 2*k**b - 3*k**3 - 15 + 18 - 3*k. Let p be a(-3). Determine q(p).
7
Let b(n) = 7*n**2 + 5 - n**3 + 0*n**3 - 7*n + 2*n**3. Let j be -10 + (-4)/10 + 48/20. Determine b(j).
-3
Let u(n) = 11*n + 16. Let b(k) = -2. Let r(w) = -2*b(w) - u(w). Give r(-6).
54
Let a(c) = -654 + 654 - c + 8*c**2. What is a(-1)?
9
Let n(p) be the second derivative of -p**6/120 - p**5/60 - p**4/24 - 5*p**3/3 - 8*p**2 + 4*p. Let z(u) be the first derivative of n(u). What is z(0)?
-10
Let l(o) be the first derivative of o**3/6 + 7*o**2 + 30*o - 23. Let k(v) be the first derivative of l(v). Determine k(-10).
4
Let l(h) = 4*h - 6*h + 4*h. Let d be ((-2)/(2/3))/((-3)/(-4)). Let c = -6 - d. Determine l(c).
-4
Suppose 10 = 2*s, f - s + 25 = 4*s. Suppose f = -4*d + 5*d. Let p be -4 + 5 + -4 + d. Let n(y) = 2*y**2 - 2*y - 2. Determine n(p).
22
Let x(a) be the first derivative of 21 - 1/3*a**3 + 7*a + 1/2*a**2. Suppose -3*o - 5*k = -5, -5*o + 4*k = k + 3. Calculate x(o).
7
Let v(z) = z**2 - 14*z + 24. Let x be 3/12 + (-517)/(-44). Determine v(x).
0
Suppose 3*u - 23 = -0*u - y, 0 = 5*u + y - 39. Let l(m) = -5*m**2 + 2*m + 12. Let c(t) = -3*t**2 + 2*t + 8. Let w(q) = u*c(q) - 5*l(q). What is w(-6)?
4
Let w = -21 - -21. Suppose w = 3*q + q - 12. Let d(f) = -13*f**q - f + f**2 - 3*f**2 + 17*f**3. Give d(-1).
-5
Let p(d) = -2*d**2 + 2*d - 1. Suppose 3*y - 10 = 56. Suppose y = -j + 4. Let m = j + 19. Calculate p(m).
-1
Let c(x) = 5*x + 3. Suppose 0 = 4*n + a + 13 + 3, n - 5 = 2*a. Let d(l) = -2 - 15*l + 10*l + l. Let k(m) = n*c(m) - 4*d(m). Give k(5).
4
Let j(d) = -4*d - 5. Let q(v) = -v - 2. Let w(g) = j(g) - 3*q(g). Calculate w(1).
0
Let p(d) be the first derivative of d**2 + 3*d + 10. Determine p(-7).
-11
Suppose 8*j = 7*j + 1. Let m(q) = -2*q - 2*q + 5*q + j. Suppose -3 = -3*s + 3*i, 11 = s + 3*i - 6. Give m(s).
6
Suppose -2*c - 3*p - 8 = 0, 0 = c + 5*p + 27 - 9. Let n(m) = m - c*m + 4*m - 6*m + 2. Determine n(5).
-13
Suppose 5*a - l - 3 = a, l + 3 = a. Suppose 0 = -a*d - 4*d + 36. Let f(b) = -8 + 5*b + d - 2. Determine f(1).
4
Suppose -5*b = -2*f + 4*f + 6, 0 = 2*b - f - 3. Let v(y) = 38*y + 4*y - 41*y + 1. Determine v(b).
1
Let d(g) = 52*g**2 - 125*g**2 + 14*g + 74*g**2 + 22. Determine d(-12).
-2
Let n(y) = 14*y**3 + 32*y**2 - y + 50. Let a(t) = 5*t**3 + 11*t**2 + 18. Let v(x) = 11*a(x) - 4*n(x). Calculate v(-7).
-30
Let g(q) = -q**2 - 7*q - 16. Let y be g(-4). Let t(z) = -z**2 - 5*z + 4. Give t(y).
8
Let z(n) = n**2 - n + 4. Let x = -286 - -289. Determine z(x).
10
Let k(v) = -8*v - 5. Let s(w) = -10*w - 6. Let z(c) = 6*k(c) - 5*s(c). Give z(-4).
-8
Let b be (-2 - -6) + 5 + -6. Let k(m) = 9*m - 2. Give k(b).
25
Let c(j) = 3*j + 11. Let h be c(-2). Let p(g) = 50848 - 2*g - 50848. Determine p(h).
-10
Let w(j) = j**2 + 2*j + 12. Let g be w(-4). Let a = 21 - g. Let t(n) = -3*n**2 - 1. Determine t(a).
-4
Let h(n) = 7*n - 1. Let f be (3/3)/(-1 - 0). Determine h(f).
-8
Let k(o) = 1. Let b(r) = r**3 + 9*r**2 - 1 - 3*r**2 - 5*r**2 + r**2 - 3*r. Let q(p) = -b(p) - 3*k(p). Give q(-3).
-2
Let g be (-2)/(-8) - 38/(-8). Suppose 5*t - 3*t = 4. Let k(c) = -3*c**t + 0 - 1 + 3*c**3 - 2*c**2 - 2*c**3 - c. Calculate k(g).
-6
Let j(t) be the first derivative of t**2/2 - 2*t - 120. Give j(3).
1
Let y(c) = c**2 - 5*c - 7117 + 3559 + 3553. Let r = 2 - -3. Give y(r).
-5
Suppose 0*g - 2*g = -2*b - 20, 3*g = 6. Let v(s) = s**3 + 10*s**2 + 9*s - 10. What is v(b)?
46
Let x(r) = r + 20. Let o be x(0). Suppose 2*p = 6*p - o. Let j(d) be the third derivative of -d**5/60 + d**4/4 + 5*d**3/6 - d**2. Determine j(p).
10
Let t(i) = i**3 + 3*i**2 + 4*i + 4. Let w(k) = -2*k**3 - 5*k**2 - 9*k - 10. Let g(f) = 5*t(f) + 2*w(f). Calculate g(-2).
8
Suppose -10*w + 3*w = -154. Let z = -20 + 45. Let r = z - w. Let g(f) = 2*f**2 - 4*f - 1. What is g(r)?
5
Let y(k) = -2 + 0*k + k**2 - 6*k + 8. Let q(x) = 2*x**2 + 23*x + 4. Let o be q(-11). Let j(n) = n**3 + 5*n**2 - 14*n + 6. Let a be j(o). Calculate y(a).
6
Let u(v) = -v**3 - 514*v**2 - 2*v + 8*v - 4 + 1034*v**2 - 518*v**2. Determine u(4).
-12
Let c(j) = 1283*j - 2542*j - 5 - j**2 + 1269*j. Determine c(7).
16
Suppose z + 4*z = z. Suppose z = u + 3*b + 14, -u + 6 = -0*u - 2*b. Let t(y) = -6*y + 1. Calculate t(u).
13
Let z(g) = g**3 + 5*g**2 + 4*g + 7. Let x be z(-5). Let s(q) = q + 3. Let v be s(x). Let b = v - -9. Let f(r) = 11*r**3 + 2*r + 1. Calculate f(b).
-12
Let c be 6/(-8) - 102/(-8). Suppose 3*k = -3*q + c, 0*k + 24 = 5*q + k. Suppose 2*b = q*b + 18. Let j(d) = -d + 5. Determine j(b).
11
Let b(q) = 8*q - 5. Let d(y) be the second derivative of -5*y**3/2 + 5*y**2 - 31*y. Let n(h) = 7*b(h) + 4*d(h). Determine n(5).
-15
Let t(o) = -o**2 - o - 8. Suppose 5*g - 7*z - 26 = -9*z, -g + 5*z - 11 = 0. Let c(l) = -l**2 - 7. Let r(y) = g*t(y) - 5*c(y). Calculate r(5).
8
Suppose 0 = -3*y + 3*b + 3, 0 = -5*b + 3 + 12. Let x = y + 0. Let m(g) = 5*g + x*g + 1 - 2*g. Determine m(1).
8
Let n(u) be the third derivative of -u**5/60 + u**4/24 + u**3/6 + 21*u**2 - 2*u. Give n(0).
1
Let o(k) = k**3 + k + 2. Let d(p) = p + 1. Let c(j) = 4*d(j) - o(j). Suppose -n - 26 = -24. Determine c(n).
4
Let i(g) = -2*g + 3. Let c be i(2). Let n(p) be the first derivative of 2*p**4 + 2*p**3/3 + p**2 + p + 7. What is n(c)?
-7
Let o = -16 - -14. Let m(j) = -j**2 - 3 + 2 + 0*j**2. What is m(o)?
-5
Let v(h) = -12*h + 2. Let k = -1368 - -1370. Calculate v(k).
-22
Let g(a) = 6*a + 26. Let o(y) = 3*y + 12. Let w(v) = -2*g(v) + 5*o(v). Determine w(6).
26
Suppose -1578 = -5*b - 1588. Let x(c) = 5*c**3 + 3*c + 2. What is x(b)?
-44
Let q(t) = 4 - 2 - 115377*t + 115374*t - 9*t**2. What is q(2)?
-40
Let o be 1/(-4) - (-9)/4. Let n(m) = -4*m - 3. Let y(v) be the first derivative of -v - 3. Let k(b) = -n(b) + 5*y(b). What is k(o)?
6
Let h be 10/(((-12)/21)/((-16)/280)). Let m(o) = -4 + 3 - o**2 + 2*o + 0*o**3 + 6*o**3. Calculate m(h).
6
Let f(y) = -y**3 + 9*y**2 - 8*y - 4. Let v(l) = l**3 + 3*l**2 - 4*l - 4. Let b(o) = -12*o - 75. Let m be b(-6). Let x be v(m). Calculate f(x).
-4
Let j(h) = 4 - 8*h - 40*h**2 + 119*h**2 - 36*h**2 - 44*h**2. Calculate j(-6).
16
Let s(m) = 2*m**2 + 3 + 4*m + 3*m**2 - 6*m**2. Suppose 7*p - p - 60 = 0. Let w be (p/4)/(20/40). Determine s(w).
-2
Let n(f) = 323 - 639 + 313 + 3*f. Give n(9).
24
Let i(w) be the third derivative of 3*w**5/20 - w**4/12 - w**3/6 - 60*w**2. Let n be (1/2)/((-1)/2). Calculate i(n).
10
Let g(k) be the third derivative of k**7/840 - k**4/12 - 11*k**3/6 + 9*k**2. Let m(w) be the first derivative of g(w). Calculate m(-2).
-10
Let w(a) = a**3 - 7*a**2 - 8*a + 3. Let k be w(8). Let x be -2*2*k/(-6). Let v(t) = -3 - x*t - 5*t + 8*t + 10. Calculate v(5).
12
Let q(d) = -2*d - 22. Let z(b) = 10*b + 120. Let x(f) = 22*q(f) + 4*z(f). Calculate x(-5).
16
Let i(z) = 2*z**2 + 9*z - 7. Let w(k) = -k**3 + 57*k**2 - 4*k + 223. Let l be w(57). Calculate i(l).
-2
Let n(l) = -7*l - 8. Let y(w) = -w + 1. Let r(i) = -n(i) + 2*y(i). Give r(-7).
-25
Suppose 8 = -7*q + 3*q. Let c be 0 - 0 - q*2/(-4). Let i(g) = 13*g**3 - 2*g**2 - g. What is i(c)?
-14
Let x(r) be the third derivative of r**4/12 - 5*r**3/6 - 2*r**2 + 21*r. Give x(8).
11
Suppose 4 = -2*f + 4*y, 3*y - 17 = 5*f - 0*y. Let j(m) = 1 - 4*m + 2*m + 0*m. Give j(f).
9
Let n(x) = -x**3 - 3*x**2 + 6*x + 2. Let g = 984 - 989. Determine n(g).
22
Let k(o) = 5*o + 2. Let x(q) = q**2 + 8*q + 10. Let j be x(-7). Suppose 9 = 6*y - j*y. Suppose 5 = -b + y. Calculate k(b).
-8
Let p(g) = g**2 - 10*g - 17. Let t be p(12). Suppose -s + t = -2. Let y be ((-15)/s)/((-2)/6). Let o(w) = w**3 - 5*w**2 - w + 6. Give o(y).
1
Let v = 56 